
2b68a
In base 8, what is -13 - -15?
2
In base 11, what is 1 + 136426?
136427
In base 10, what is -21792 - -10?
-21782
In base 10, what is -2 + 9618?
9616
In base 6, what is 1 + 2212425?
2212430
In base 8, what is 443 - 504?
-41
In base 16, what is 1a091 + 4?
1a095
In base 14, what is -3790 - -3?
-378b
In base 2, what is -1001101101110001001 - -100?
-1001101101110000101
In base 9, what is -3617 + -36?
-3654
In base 3, what is 220211222 + -10?
220211212
In base 10, what is 89849 - -59?
89908
In base 10, what is 10 + 84385?
84395
In base 14, what is -1 + -40826?
-40827
In base 14, what is 3 - -9c664?
9c667
In base 9, what is 12681 + -28?
12652
In base 13, what is 62 + -5b4?
-552
In base 3, what is -1011111 + -101011?
-1112122
In base 7, what is 106 + 3216?
3325
In base 15, what is 33 - -503?
536
In base 5, what is 4 + -1323024?
-1323020
In base 12, what is -241 - 21a?
-45b
In base 10, what is 440 - 509?
-69
In base 9, what is 4 - -12788?
12803
In base 4, what is -1302 + 222013?
220111
In base 5, what is -400142 - -211?
-344431
In base 7, what is -13220 + 243?
-12644
In base 14, what is -1 + -1937?
-1938
In base 12, what is -5 + 187170?
187167
In base 14, what is -494 + -745?
-bd9
In base 13, what is 1 - -62b2b?
62b2c
In base 16, what is 3 + -37a9?
-37a6
In base 6, what is 11 - -353542?
353553
In base 10, what is 70454 + -20?
70434
In base 13, what is 2 - 97c?
-97a
In base 15, what is -5 + 20cc7?
20cc2
In base 8, what is -7 + 176676?
176667
In base 2, what is -100110 + -1011101111?
-1100010101
In base 12, what is -622 - 3?
-625
In base 15, what is -451 + -21?
-472
In base 8, what is 203403 - -3?
203406
In base 3, what is 12121121 + 102220?
20001111
In base 12, what is -2614a + 0?
-2614a
In base 5, what is -122200 - -21?
-122124
In base 3, what is 10 - -10212222?
10220002
In base 10, what is 3214 + 618?
3832
In base 5, what is 112 + 120202?
120314
In base 3, what is -2 + 2212111122?
2212111120
In base 4, what is -2 - -3203302023?
3203302021
In base 7, what is 16 + 14102?
14121
In base 6, what is 51240205 - -3?
51240212
In base 11, what is 1808 + 7?
1814
In base 9, what is -163675 - -22?
-163653
In base 2, what is -1101101 - -1111010001001?
1111000011100
In base 2, what is -11101 + -1111001?
-10010110
In base 9, what is 501 - 134?
356
In base 11, what is 421 - -975?
1296
In base 6, what is -14 + -522040?
-522054
In base 13, what is 5 + b49b3?
b49b8
In base 5, what is -3034 + 1202?
-1332
In base 5, what is -1033 + 400210?
344122
In base 15, what is 35 - 6a50?
-6a1a
In base 3, what is 101 + -2002221?
-2002120
In base 13, what is -2a3 + 10c?
-194
In base 13, what is -b214 + 3?
-b211
In base 5, what is 301301120 - -2?
301301122
In base 12, what is 3a7 + -651?
-266
In base 11, what is 3a + 892?
921
In base 9, what is 131868 - -14?
131883
In base 2, what is -1000000110001011 - 10011?
-1000000110011110
In base 14, what is -23 - -611?
5cc
In base 14, what is -3 + -2d98b?
-2d990
In base 2, what is 1111111 + -11010001110000?
-11001111110001
In base 2, what is 0 + 1100100010001001?
1100100010001001
In base 11, what is -54 + -479?
-522
In base 9, what is 135502 - 6?
135485
In base 11, what is 3 - -88382?
88385
In base 5, what is -4 + 114030?
114021
In base 7, what is -3065662 - -2?
-3065660
In base 3, what is -2 + 212120212002?
212120212000
In base 8, what is 1146025 - 2?
1146023
In base 7, what is 11 + -64036?
-64025
In base 11, what is -4 + 20660?
20657
In base 9, what is -20860023 + -5?
-20860028
In base 15, what is 3 + 5d78?
5d7b
In base 15, what is -e9 + 40?
-a9
In base 4, what is 1101 - -11032020?
11033121
In base 5, what is 3 - 244122?
-244114
In base 11, what is 6a4 + -12?
692
In base 14, what is -2 - 3034?
-3036
In base 2, what is 11 + -10000011110011100?
-10000011110011001
In base 7, what is 6322 + 1251?
10603
In base 4, what is -302 + 130?
-112
In base 4, what is 330333 + -303?
330030
In base 3, what is -11 - 1101021112020?
-1101021112101
In base 8, what is -6146 - -627?
-5317
In base 10, what is 1977 - 22?
1955
In base 11, what is 72 - 4a3?
-431
In base 2, what is 101000011111 + 11?
101000100010
In base 10, what is 1 - -33599?
33600
In base 14, what is 17 - -30b8?
30d1
In base 9, what is 212651 + 6?
212657
In base 4, what is 1 - 10110100021?
-10110100020
In base 16, what is -2e9 - -e2?
-207
In base 12, what is 788 + 94?
860
In base 3, what is 20 + 1?
21
In base 13, what is b1 + -1c45?
-1b64
In base 15, what is -12ac + 2?
-12aa
In base 2, what is 110100001100000000 - -11?
110100001100000011
In base 8, what is -10206 + 3?
-10203
In base 16, what is -31 - 4c2?
-4f3
In base 3, what is 1121110 + 10122?
1202002
In base 4, what is -13 - -20120230?
20120211
In base 8, what is -422 + 3355?
2733
In base 8, what is 115341 + 4?
115345
In base 16, what is -369e83 + 2?
-369e81
In base 9, what is -3755 - 46?
-3812
In base 8, what is 1534 - 6353?
-4617
In base 10, what is -5 - -245109?
245104
In base 6, what is -44 - 3303?
-3351
In base 8, what is 174 - -5306?
5502
In base 12, what is -11704 + -8?
-11710
In base 4, what is 31111 - -100?
31211
In base 14, what is -1 + 26d6?
26d5
In base 2, what is 11 - -1111100100000010001?
1111100100000010100
In base 11, what is 1 - 95a12?
-95a11
In base 15, what is -e6 + -144?
-23a
In base 5, what is -1 - 11001420?
-11001421
In base 3, what is -11 - -110111202022?
110111202011
In base 7, what is 140 + -1403?
-1233
In base 16, what is 7 + 8819?
8820
In base 3, what is 21 - 11102100?
-11102002
In base 11, what is 46 + -1229?
-1193
In base 13, what is a05b + -3?
a058
In base 13, what is -11 - -2531?
2520
In base 2, what is -1 - -101111010101001?
101111010101000
In base 2, what is -10011000101 - -10100110?
-10000011111
In base 4, what is -10112103321 + -2?
-10112103323
In base 14, what is 23 - 9d8?
-9b5
In base 15, what is -1a4e + 13?
-1a3b
In base 14, what is -4 - 15561?
-15565
In base 4, what is -201100021 + -10?
-201100031
In base 12, what is -3 + 6a272?
6a26b
In base 5, what is 10004102 - -2?
10004104
In base 6, what is 12425 - 104?
12321
In base 16, what is 0 - 1ee?
-1ee
In base 16, what is 0 + f65?
f65
In base 4, what is 30023131 - 23?
30023102
In base 15, what is 5 + -9c6?
-9c1
In base 4, what is -103103121300 + 1?
-103103121233
In base 5, what is -2122022 - -102?
-2121420
In base 9, what is -1332342 + -2?
-1332344
In base 13, what is 62c + -10?
61c
In base 14, what is 336d - 4?
3369
In base 12, what is -2ba7b6 + -5?
-2ba7bb
In base 15, what is -2 + -11e11?
-11e13
In base 16, what is a55ee + 0?
a55ee
In base 12, what is 3837 - -7?
3842
In base 14, what is 138 + -473?
-339
In base 8, what is 2 + 2771105?
2771107
In base 15, what is 5 + 214d?
2153
In base 13, what is -ba - 8?
-c5
In base 5, what is 4 + 133131?
133140
In base 3, what is -11 - -1102200110?
1102200022
In base 16, what is 456 + -193?
2c3
In base 16, what is 2763 + 58?
27bb
In base 15, what is -1ac + -6b?
-228
In base 8, what is -3252 - 17?
-3271
In base 5, what is 40 - 112203?
-112113
In base 12, what is -20aa85 - 1?
-20aa86
In base 11, what is 12 - 11a3a?
-11a28
In base 5, what is -2 + 21230?
21223
In base 15, what is -3 + 491a8?
491a5
In base 5, what is -1020222210 + 10?
-1020222200
In base 6, what is -4312 + 351?
-3521
In base 9, what is 847 - -70?
1027
In base 4, what is -10 + 132100113?
132100103
In base 7, what is -663 - 2646?
-3642
In base 3, what is -202121120 + -2221?
-202201111
In base 2, what is -100010111110 + 101110101?
-11101001001
In base 13, what is 0 + 333136?
333136
In base 9, what is -1270450 + -1?
-1270451
In base 5, what is -1 + -133021?
-133022
In base 13, what is 16b49 + a?
16b56
In base 16, what is -636 - -5a0?
-96
In base 8, what is -54147207 - -3?
-54147204
In base 4, what is 12213 + 20221?
33100
In base 13, what is 20 + 217?
237
In base 11, what is -16273 + -1?
-16274
In base 9, what is -262442 + 3?
-262438
In base 16, what is -849e + -26?
-84c4
In base 10, what is 81777 + 2?
81779
In base 6, what is -544 + -442?
-1430
In base 7, what is 3466 + 2136?
5635
In base 9, what is -1741 - -2254?
413
In base 15, what is -10 + -36aba?
-36aca
In base 10, what is 0 + 42930?
42930
In base 8, what is 4 - 503600?
-503574
In base 11, what is -3406 + 15?
-33a1
In base 14, what is -3 + -52aa4?
-52aa7
In base 8, what is 101 + -2651?
-2550
In base 5, wh